. Calculate the highest common divisor of 11 and f.
1
Let k = 34 - 31. Suppose -3*z + 221 = -q, 231 = 3*z - 0*q - k*q. Calculate the greatest common divisor of 9 and z.
9
Let h = 107 - 17. Suppose h = -19*v + 24*v. Let p(q) = -q + 9. Let w be p(7). What is the highest common divisor of v and w?
2
Suppose r = -21 + 183. Let t = r - 30. Calculate the highest common factor of 12 and t.
12
Let u(j) = j**2 - 5*j - 2. Let d be u(6). Let o be (6 + -4)*6/d. Let z be o/2 + 147/14. Calculate the highest common divisor of 24 and z.
12
Suppose 0 = 4*w + w - 10, m - 3*w + 3 = 0. Let p be (5 + m)*(-1 - (-3)/2). What is the greatest common divisor of p and 3?
1
Suppose 5*k - 13*k - 864 = 0. Let x = k - -143. What is the highest common divisor of x and 5?
5
Suppose x = 3*u - 8, 3*u = 6*u - 3*x. Calculate the highest common factor of u and 204.
4
Suppose 65 = 4*u - 2*u + s, -5*u + 3*s + 146 = 0. What is the highest common factor of 403 and u?
31
Suppose -128 = -6*n - 2*n. Let c = -35 + 67. What is the highest common factor of n and c?
16
Let x(s) = -s + 1. Let r be x(-1). What is the highest common divisor of 9 and r?
1
Let l be -7 + (-25)/(-5) - (-21 - 1). Suppose -d - 17 + 7 = 0. Let i be (-16)/d*(-20)/(-8). What is the highest common factor of i and l?
4
Let l = 1725 - 1680. What is the highest common divisor of 18 and l?
9
Let f(a) = -a**2 - 3*a + 5. Let t = 20 - 5. Let z be 0/(2*t/10). Let o be f(z). Calculate the highest common factor of o and 5.
5
Let i(t) = t**2 - 5*t - 5. Let y be i(6). Suppose 8*a = -3*k + 3*a + 79, 33 = k + 3*a. Suppose 3*g = g + k. Calculate the greatest common divisor of g and y.
1
Let y = 860 - 640. What is the highest common divisor of y and 8?
4
Let k(u) = u**2 + 4*u - 2. Let t be k(4). Let d(r) = -3*r**2 + 2*r + 12. Let x be d(5). Let j = 83 + x. What is the highest common divisor of t and j?
30
Suppose 5*i - 9*i = -8. Suppose 2*v - i*r = 2*r + 68, 4*v + r - 145 = 0. What is the greatest common divisor of 54 and v?
18
Let n(c) = -c**2 - 17*c + 21. Let f be n(-18). Let w be (f - (-203)/7)*(-6)/(-8). What is the highest common divisor of w and 36?
12
Let i be 9*(0 + (-2 - -4)). Let p(o) = 8*o - 68. Let l be p(13). Calculate the highest common divisor of i and l.
18
Let h(d) = 3*d - 5. Let u be h(4). Suppose -5 = -2*r + u. Suppose -5*n - 4*q + 48 = 0, 3*n + 3*q - 6 - 21 = 0. What is the highest common divisor of r and n?
6
Let s = -408 - -442. Let y(l) = 2*l + 306. Let d be y(0). What is the greatest common factor of s and d?
34
Suppose 16*o + 18*o = 1224. What is the highest common factor of o and 384?
12
Let z be ((-118704)/(-90))/8 + 1/((-30)/(-4)). Let d be 1*2/2*66. Calculate the highest common factor of d and z.
33
Let s = 1 - -2. Suppose 44 = -s*j - 40. Let k be j/(-6) - 2/3. Calculate the greatest common divisor of k and 44.
4
Suppose -2*k = h + 29 - 228, 2*k = -3*h + 197. Let j = 122 - k. Calculate the greatest common factor of j and 55.
11
Suppose 0 = -4*p + 2*p - 2*q + 302, 2*p = -5*q + 293. Let g = 161 - p. Suppose -3*o + 2*o = -21. Calculate the greatest common factor of o and g.
7
Suppose -s - 2*o = -10, -2*s = -5*s + 2*o + 38. Let w be (((-80)/15)/((-3)/(-54)))/((-11)/11). Calculate the highest common divisor of s and w.
12
Let c(w) = w**2 - 18*w - 16. Let p be c(19). Suppose -140 = -2*a - 4*f, 7*f - p*f - 200 = -3*a. What is the greatest common factor of 20 and a?
20
Let t(s) = s**2 - 11*s - 12. Let a(p) = 4*p - 3. Let w be a(4). Let f be t(w). What is the highest common divisor of f and 168?
14
Let f(m) = -14*m**3 + 2*m**2 + 2*m - 1. Let n be f(-1). Calculate the highest common factor of 39 and n.
13
Let o(v) = 11 + 19*v**2 + 19*v**2 - 8*v + v**3 + 21*v**2 - 61*v**2. Let l be o(4). What is the greatest common factor of l and 176?
11
Let n be 8/(-3)*(-270)/72. Suppose -48 = -3*x + 3*t, -4*x = 4*t - 56 - 40. Calculate the greatest common factor of x and n.
10
Let c(m) be the third derivative of m**5/60 + m**4/4 - 7*m**3/3 - 5*m**2. Let y be c(-10). Let u = y - 17. What is the greatest common divisor of u and 36?
9
Suppose -2*f + 2*k = -18, f + 4*k = -f + 12. Let y = -3 + f. Suppose y*x + 3*s - 326 = -0*x, x + s - 66 = 0. Calculate the greatest common divisor of 96 and x.
32
Let q(z) = -2*z - 22. Let p be q(-12). Suppose 2*c + p*c - 352 = 0. Let a be (-1 + 12)*2/2. What is the highest common divisor of c and a?
11
Suppose -36*y + 8*y = -1120. What is the highest common divisor of 112 and y?
8
Let k = -411 + 502. Calculate the greatest common factor of k and 39.
13
Let s(j) = -4*j**2 + 21*j - 9. Let l be s(6). Let z = l - -16. Let d be (-4)/(1/z*2). Calculate the highest common factor of d and 66.
22
Suppose 5 - 23 = -6*t. Suppose 0 = 3*m - 0*b - 4*b - 88, -3*m = -5*b - 92. What is the highest common divisor of m and t?
3
Let f be ((-21)/12)/(1/(-116)). Suppose -5*y = -2077 - f. Suppose 4*m - r - r - y = 0, 108 = m + r. Calculate the greatest common factor of 14 and m.
14
Let d(i) = 370 - 3*i + 2*i**2 + i**2 + 3*i**3 - 5*i**2 - 357. Let h be d(4). Calculate the greatest common divisor of h and 23.
23
Suppose -4114 = -20*j + 7766. Calculate the greatest common factor of j and 22.
22
Let m = 1686 + -1569. Let g(k) = -k**3 - 4*k**2 - 3*k + 1. Let f be g(-4). What is the highest common factor of m and f?
13
Let m = -43 - -99. Suppose -b = -5*b - m. Let g(k) = k**2 + 6*k - 16. Let z be g(b). Calculate the highest common divisor of z and 24.
24
Suppose 2*h - 3*h + 2 = 0. Suppose 5*u + 3*a = 18, -a + 3 = h*u - 4*a. Let j be 1/12 - 2870/(-120). Calculate the highest common divisor of u and j.
3
Suppose 5*x - 1 - 14 = 0. Let m(b) = -b - 7. Let q be m(-10). What is the highest common divisor of q and x?
3
Suppose -3*x = -4*x + 2, b - 32 = 3*x. Calculate the highest common divisor of b and 2.
2
Suppose c - 28080 = -26*c. Calculate the greatest common factor of 65 and c.
65
Let p(d) be the second derivative of 3/2*d**3 + 1/4*d**4 + 7*d + 6*d**2 + 0. Let g be p(-5). What is the greatest common divisor of 6 and g?
6
Suppose 2*g = 2*v - 128, v + 0*g = 5*g + 64. Calculate the highest common divisor of v and 2.
2
Let o be -2 + (-16)/4 + 30. Calculate the greatest common divisor of o and 2712.
24
Let x be (16/(-14))/((-9)/252). What is the highest common factor of 192 and x?
32
Suppose -2*a - 28 = 4*u + 62, -5*u = -2*a + 126. Let o be (42/u)/((-1)/8). What is the highest common divisor of o and 56?
14
Let u be (-45)/(-120) - 2085/(-8). What is the highest common divisor of 18 and u?
9
Let l = -1573 + 1582. What is the greatest common factor of 1341 and l?
9
Let u(w) = -w**2 - 11*w + 13. Let o be u(-12). Let p be (805/(-15))/(o/(-3)). What is the highest common factor of p and 23?
23
Let u be 0 - ((-8)/1)/4. Let c be (-3 + 4)/(u/120). What is the highest common divisor of 150 and c?
30
Let v = -32 - -26. Let c be (-3 - 6)*(-4)/v. Let d = c + 38. Calculate the greatest common factor of d and 80.
16
Suppose -2*w = i - 2 + 7, -10 = 5*w + 2*i. Suppose w = l - 5*l - 24. Let r be (152/(-12) - -1)*l. Calculate the greatest common factor of r and 10.
10
Let c(n) = n**3 + 8*n**2 - 20*n + 1. Let l be c(-10). Calculate the greatest common divisor of 9 and l.
1
Let a(n) = n**2 + 9*n + 2. Let c be a(-11). Suppose 12*k + 96 = 20*k. What is the greatest common factor of c and k?
12
Suppose -g - 2*n = -0*g - 103, 269 = 3*g - 4*n. Calculate the highest common factor of g and 38.
19
Let p be (-99396)/(-55) + (-5)/(100/(-16)). Calculate the highest common divisor of 113 and p.
113
Let h = 13 - 8. Suppose y = -h*k + 4*y + 62, -3*y - 52 = -4*k. Let g = -9 + 19. What is the highest common factor of g and k?
10
Let k(r) = -r**3 - 11*r**2 - 11*r - 12. Let g be k(-10). Let v be (g + 0)/(0 - -1). Let z = v - -19. Calculate the highest common factor of z and 153.
17
Let n = 238 - 168. Suppose -21*t + 16*t + n = 0. Calculate the highest common divisor of 70 and t.
14
Suppose 0 = 7*t - t + 30. Let g(a) = a**3 + 5*a**2 - 8*a - 16. Let b be g(t). Calculate the highest common factor of b and 192.
24
Let f(v) = v**3 - 7*v**2 + 4*v - 16. Suppose 0 = a - 6*a + 35. Let n be f(a). What is the highest common factor of 24 and n?
12
Suppose -33 = 45*x - 123. What is the greatest common divisor of x and 38?
2
Suppose 0 = 7*r - 3*r + 3*g - 7, -r = -g. Let t = -264 + 262. 